e the remainder when 142 is divided by 44.
10
Calculate the remainder when 3232 is divided by 77.
75
What is the remainder when 428 is divided by 13?
12
What is the remainder when 972 is divided by 122?
118
Calculate the remainder when 55159 is divided by 70.
69
What is the remainder when 249 is divided by 51?
45
Calculate the remainder when 1088 is divided by 91.
87
What is the remainder when 103 is divided by 54?
49
What is the remainder when 332 is divided by 17?
9
Calculate the remainder when 827 is divided by 119.
113
What is the remainder when 26458 is divided by 60?
58
Calculate the remainder when 659 is divided by 7.
1
Calculate the remainder when 125 is divided by 21.
20
What is the remainder when 2525 is divided by 133?
131
What is the remainder when 1269 is divided by 127?
126
What is the remainder when 482 is divided by 81?
77
What is the remainder when 192 is divided by 39?
36
Calculate the remainder when 529 is divided by 38.
35
Calculate the remainder when 227 is divided by 118.
109
What is the remainder when 608 is divided by 128?
96
Calculate the remainder when 249 is divided by 59.
13
What is the remainder when 40 is divided by 14?
12
Calculate the remainder when 100 is divided by 28.
16
Calculate the remainder when 46 is divided by 29.
17
Calculate the remainder when 419 is divided by 70.
69
What is the remainder when 138 is divided by 66?
6
What is the remainder when 1127 is divided by 54?
47
Calculate the remainder when 412 is divided by 76.
32
What is the remainder when 8408 is divided by 255?
248
Calculate the remainder when 1359 is divided by 330.
39
What is the remainder when 75 is divided by 59?
16
What is the remainder when 568 is divided by 38?
36
Calculate the remainder when 235 is divided by 46.
5
Calculate the remainder when 1483 is divided by 92.
11
What is the remainder when 4222 is divided by 64?
62
Calculate the remainder when 92 is divided by 36.
20
What is the remainder when 516 is divided by 106?
92
Calculate the remainder when 1629 is divided by 71.
67
Calculate the remainder when 78 is divided by 20.
18
What is the remainder when 1511 is divided by 214?
13
What is the remainder when 2581 is divided by 28?
5
Calculate the remainder when 644 is divided by 43.
42
Calculate the remainder when 261 is divided by 89.
83
Calculate the remainder when 108 is divided by 55.
53
Calculate the remainder when 3749 is divided by 134.
131
Calculate the remainder when 173 is divided by 22.
19
What is the remainder when 6436 is divided by 7?
3
What is the remainder when 543 is divided by 63?
39
What is the remainder when 93 is divided by 62?
31
What is the remainder when 83 is divided by 78?
5
Calculate the remainder when 259 is divided by 92.
75
What is the remainder when 93 is divided by 71?
22
What is the remainder when 3335 is divided by 12?
11
Calculate the remainder when 102 is divided by 26.
24
What is the remainder when 1975 is divided by 76?
75
What is the remainder when 10143 is divided by 16?
15
What is the remainder when 141 is divided by 4?
1
Calculate the remainder when 2613 is divided by 12.
9
What is the remainder when 128 is divided by 11?
7
What is the remainder when 130 is divided by 22?
20
Calculate the remainder when 473 is divided by 129.
86
Calculate the remainder when 146 is divided by 28.
6
Calculate the remainder when 1334 is divided by 667.
0
What is the remainder when 1817 is divided by 55?
2
Calculate the remainder when 912 is divided by 68.
28
What is the remainder when 732 is divided by 166?
68
Calculate the remainder when 140 is divided by 51.
38
Calculate the remainder when 596 is divided by 38.
26
What is the remainder when 89 is divided by 7?
5
Calculate the remainder when 1042 is divided by 12.
10
What is the remainder when 340 is divided by 33?
10
Calculate the remainder when 779 is divided by 29.
25
Calculate the remainder when 3103 is divided by 618.
13
Calculate the remainder when 1837 is divided by 172.
117
Calculate the remainder when 233 is divided by 122.
111
Calculate the remainder when 677 is divided by 36.
29
What is the remainder when 2235 is divided by 140?
135
Calculate the remainder when 944 is divided by 15.
14
Calculate the remainder when 11014 is divided by 7.
3
What is the remainder when 73 is divided by 19?
16
What is the remainder when 969 is divided by 10?
9
Calculate the remainder when 1979 is divided by 30.
29
What is the remainder when 2690 is divided by 23?
22
Calculate the remainder when 511 is divided by 161.
28
What is the remainder when 1314 is divided by 657?
0
Calculate the remainder when 401 is divided by 134.
133
Calculate the remainder when 380 is divided by 98.
86
What is the remainder when 223 is divided by 32?
31
What is the remainder when 362 is divided by 11?
10
What is the remainder when 1914 is divided by 30?
24
What is the remainder when 96 is divided by 25?
21
Calculate the remainder when 2292 is divided by 27.
24
Calculate the remainder when 30 is divided by 15.
0
What is the remainder when 260 is divided by 144?
116
What is the remainder when 2884 is divided by 138?
124
Calculate the remainder when 84 is divided by 41.
2
Calculate the remainder when 190 is divided by 79.
32
What is the remainder when 186 is divided by 91?
4
Calculate the remainder when 633 is divided by 11.
6
Calculate the remainder when 57 is divided by 42.
15
What is the remainder when 165 is divided by 43?
36
What is the remainder when 1457 is divided by 73?
70
Calculate the remainder when 2001 is divided by 18.
3
Calculate the remainder when 59 is divided by 12.
11
Calculate the remainder when 72 is divided by 19.
15
Calculate the remainder when 42 is divided by 21.
0
Calculate the remainder when 78 is divided by 11.
1
What is the remainder when 40 is divided by 25?
15
Calculate the remainder when 631 is divided by 154.
15
Calculate the remainder when 137 is divided by 29.
21
Calculate the remainder when 1158 is divided by 379.
21
What is the remainder when 710 is divided by 89?
87
What is the remainder when 5475 is divided by 1818?
21
What is the remainder when 523 is divided by 49?
33
What is the remainder when 710 is divided by 192?
134
What is the remainder when 895 is divided by 154?
125
What is the remainder when 20 is divided by 3?
2
What is the remainder when 1285 is divided by 117?
115
Calculate the remainder when 274 is divided by 14.
8
Calculate the remainder when 2169 is divided by 10.
9
Calculate the remainder when 7126 is divided by 81.
79
Calculate the remainder when 176 is divided by 69.
38
What is the remainder when 272 is divided by 139?
133
What is the remainder when 1472 is divided by 107?
81
What is the remainder when 33 is divided by 9?
6
What is the remainder when 1440 is divided by 85?
80
Calculate the remainder when 1284 is divided by 427.
3
Calculate the remainder when 480 is divided by 62.
46
What is the remainder when 35 is divided by 6?
5
Calculate the remainder when 2965 is divided by 33.
28
What is the remainder when 849 is divided by 25?
24
What is the remainder when 385 is divided by 13?
8
What is the remainder when 401 is divided by 34?
27
What is the remainder when 402 is divided by 159?
84
What is the remainder when 1265 is divided by 159?
152
Calculate the remainder when 2047 is divided by 82.
79
What is the remainder when 916 is divided by 67?
45
What is the remainder when 304 is divided by 50?
4
What is the remainder when 795 is divided by 269?
257
What is the remainder when 6333 is divided by 18?
15
What is the remainder when 38 is divided by 28?
10
What is the remainder when 89 is divided by 32?
25
What is the remainder when 80 is divided by 79?
1
What is the remainder when 634 is divided by 163?
145
What is the remainder when 246 is divided by 97?
52
Calculate the remainder when 5573 is divided by 41.
38
What is the remainder when 1326 is divided by 1303?
23
What is the remainder when 876 is divided by 48?
12
What is the remainder when 234 is divided by 101?
32
What is the remainder when 248 is divided by 3?
2
What is the remainder when 4947 is divided by 118?
109
Calculate the remainder when 357 is divided by 6.
3
Calculate the remainder when 20 is divided by 10.
0
Calculate the remainder when 1848 is divided by 305.
18
What